{"id":1201,"date":"2022-10-12T14:51:20","date_gmt":"2022-10-12T17:51:20","guid":{"rendered":"http:\/\/pasteur.ind.br\/?page_id=1201"},"modified":"2023-02-05T09:38:18","modified_gmt":"2023-02-05T12:38:18","slug":"hidratantes-multifuncionais","status":"publish","type":"page","link":"https:\/\/pasteur.ind.br\/es\/produtos\/linha-facial\/hidratantes-multifuncionais\/","title":{"rendered":"Hidratantes multifuncionais"},"content":{"rendered":"\n<div class=\"is-layout-flow wp-block-group featured-banner\"><div class=\"wp-block-group__inner-container\"><figure class=\"wp-block-post-featured-image\"><img width=\"1440\" height=\"499\" src=\"https:\/\/pasteur.ind.br\/wp-content\/uploads\/2022\/10\/hidratantesmulti_pasteur_.jpg\" class=\"attachment-post-thumbnail size-post-thumbnail wp-post-image\" alt=\"\" decoding=\"async\" loading=\"lazy\" srcset=\"https:\/\/pasteur.ind.br\/wp-content\/uploads\/2022\/10\/hidratantesmulti_pasteur_.jpg 1440w, https:\/\/pasteur.ind.br\/wp-content\/uploads\/2022\/10\/hidratantesmulti_pasteur_-300x104.jpg 300w, https:\/\/pasteur.ind.br\/wp-content\/uploads\/2022\/10\/hidratantesmulti_pasteur_-1024x355.jpg 1024w, https:\/\/pasteur.ind.br\/wp-content\/uploads\/2022\/10\/hidratantesmulti_pasteur_-768x266.jpg 768w\" sizes=\"(max-width: 1440px) 100vw, 1440px\" \/><\/figure>\n\n\n<div class=\"is-layout-flow wp-block-group banner-text\"><div class=\"wp-block-group__inner-container\">\n<h1>Hidratantes Multifuncionales<\/h1>\n\n\n\n<p>L\u00ednea Facial<\/p>\n<\/div><\/div>\n<\/div><\/div>\n\n\n\n<section class=\"is-layout-flow wp-block-group guide2\"><div class=\"wp-block-group__inner-container\">\n<p>Formulaciones con diversos beneficios en un solo producto, ayudando en la firmeza, luminosidad, uniformidad del tono de la piel, protecci\u00f3n contra agentes externos, as\u00ed como en la prevenci\u00f3n del envejecimiento.<\/p>\n<\/div><\/section>\n\n\n\n<section class=\"is-layout-flow wp-block-group guide2 grid-cosmetic\"><div class=\"wp-block-group__inner-container\">\n<h3>Formas Cosm\u00e9ticas<\/h3>\n\n\n\n<div class=\"is-layout-flex wp-container-9 wp-block-columns 6-itens\">\n<div class=\"is-layout-flow wp-block-column\">\n<figure class=\"wp-block-image size-full\"><img decoding=\"async\" loading=\"lazy\" width=\"174\" height=\"173\" src=\"http:\/\/pasteur.ind.br\/wp-content\/uploads\/2022\/10\/cremes.png\" alt=\"\" class=\"wp-image-1103\" srcset=\"https:\/\/pasteur.ind.br\/wp-content\/uploads\/2022\/10\/cremes.png 174w, https:\/\/pasteur.ind.br\/wp-content\/uploads\/2022\/10\/cremes-150x150.png 150w\" sizes=\"(max-width: 174px) 100vw, 174px\" \/><figcaption class=\"wp-element-caption\">Cremas<\/figcaption><\/figure>\n<\/div>\n\n\n\n<div class=\"is-layout-flow wp-block-column\">\n<figure class=\"wp-block-image size-full\"><img decoding=\"async\" loading=\"lazy\" width=\"174\" height=\"173\" src=\"http:\/\/pasteur.ind.br\/wp-content\/uploads\/2022\/10\/locoes-1.png\" alt=\"\" class=\"wp-image-1528\"\/><figcaption class=\"wp-element-caption\">Lociones<\/figcaption><\/figure>\n<\/div>\n\n\n\n<div class=\"is-layout-flow wp-block-column\">\n<figure class=\"wp-block-image size-full\"><img decoding=\"async\" loading=\"lazy\" width=\"176\" height=\"176\" src=\"http:\/\/pasteur.ind.br\/wp-content\/uploads\/2022\/10\/seruns-1.png\" alt=\"\" class=\"wp-image-1166\" srcset=\"https:\/\/pasteur.ind.br\/wp-content\/uploads\/2022\/10\/seruns-1.png 176w, https:\/\/pasteur.ind.br\/wp-content\/uploads\/2022\/10\/seruns-1-150x150.png 150w\" sizes=\"(max-width: 176px) 100vw, 176px\" \/><figcaption class=\"wp-element-caption\">S\u00e9rums<\/figcaption><\/figure>\n<\/div>\n\n\n\n<div class=\"is-layout-flow wp-block-column\">\n<figure class=\"wp-block-image size-full\"><img decoding=\"async\" loading=\"lazy\" width=\"176\" height=\"176\" src=\"http:\/\/pasteur.ind.br\/wp-content\/uploads\/2022\/10\/geis-1.png\" alt=\"\" class=\"wp-image-1496\"\/><figcaption class=\"wp-element-caption\">Geles<\/figcaption><\/figure>\n<\/div>\n\n\n\n<div class=\"is-layout-flow wp-block-column\">\n<figure class=\"wp-block-image size-full is-resized\"><img decoding=\"async\" src=\"http:\/\/pasteur.ind.br\/wp-content\/uploads\/2022\/10\/bastoes.png\" alt=\"\" class=\"wp-image-1165\" width=\"176\" srcset=\"https:\/\/pasteur.ind.br\/wp-content\/uploads\/2022\/10\/bastoes.png 176w, https:\/\/pasteur.ind.br\/wp-content\/uploads\/2022\/10\/bastoes-150x150.png 150w\" sizes=\"(max-width: 176px) 100vw, 176px\" \/><figcaption class=\"wp-element-caption\">Bastones<\/figcaption><\/figure>\n<\/div>\n<\/div>\n<\/div><\/section>\n\n\n\n<section class=\"is-layout-flow wp-block-group guide2 list-topics\"><div class=\"wp-block-group__inner-container\">\n<h3>Productos<\/h3>\n\n\n\n<ul>\n<li>Hidratantes Aclaradores<\/li>\n\n\n\n<li>Hidratantes para contorno de ojos<\/li>\n\n\n\n<li>Antiedad con \u00c1cido Glic\u00f3lico<\/li>\n\n\n\n<li>Antiedad con \u00c1cido Hialur\u00f3nico<\/li>\n\n\n\n<li>Antiedad con \u00c1cido Mand\u00e9lico<\/li>\n\n\n\n<li>Antiedad con \u00c1cido Salic\u00edlico<\/li>\n\n\n\n<li>Antiead con Vitamina C<\/li>\n\n\n\n<li>Hidratantes con Protecci\u00f3n Solar<\/li>\n\n\n\n<li>BB Cream con Protecci\u00f3n Solar<\/li>\n<\/ul>\n<\/div><\/section>\n\n\n\n<section class=\"is-layout-flow wp-block-group guide1\"><div class=\"wp-block-group__inner-container\">\n<div class=\"is-layout-flex wp-block-buttons\">\n<div class=\"wp-block-button btn-contact\"><a class=\"wp-block-button__link wp-element-button\" href=\".\/contato\/\" style=\"border-radius:0px\"><img decoding=\"async\" loading=\"lazy\" width=\"90\" height=\"78\" class=\"wp-image-459\" style=\"width: 90px;\" src=\"http:\/\/pasteur.ind.br\/wp-content\/uploads\/2022\/09\/btn-form.png\" alt=\"\"><span>\u00bfTienes un Proyecto?\n\u00a1D\u00e9janos ayudarte!<\/span><\/a><\/div>\n<\/div>\n<\/div><\/section>\n","protected":false},"excerpt":{"rendered":"<p>Hidratantes Multifuncionales L\u00ednea Facial Formulaciones con diversos beneficios en un solo producto, ayudando en la firmeza, luminosidad, uniformidad del tono de la piel, protecci\u00f3n contra agentes externos, as\u00ed como en la prevenci\u00f3n del envejecimiento. Formas Cosm\u00e9ticas Productos<\/p>\n","protected":false},"author":1,"featured_media":1273,"parent":990,"menu_order":0,"comment_status":"closed","ping_status":"closed","template":"","meta":[],"yoast_head":"<!-- This site is optimized with the Yoast SEO plugin v19.10 - https:\/\/yoast.com\/wordpress\/plugins\/seo\/ -->\n<title>Hidratantes multifuncionais - Pasteur\u00a0<\/title>\n<meta name=\"robots\" content=\"index, follow, max-snippet:-1, max-image-preview:large, max-video-preview:-1\" \/>\n<link rel=\"canonical\" href=\"https:\/\/pasteur.ind.br\/produtos\/linha-facial\/hidratantes-multifuncionais\/\" \/>\n<meta property=\"og:locale\" content=\"es_ES\" \/>\n<meta property=\"og:type\" content=\"article\" \/>\n<meta property=\"og:title\" content=\"Hidratantes multifuncionais\" \/>\n<meta property=\"og:description\" content=\"Hidratantes Multifuncionales L\u00ednea Facial Formulaciones con diversos beneficios en un solo producto, ayudando en la firmeza, luminosidad, uniformidad del tono de la piel, protecci\u00f3n contra agentes externos, as\u00ed como en la prevenci\u00f3n del envejecimiento. Formas Cosm\u00e9ticas Productos\" \/>\n<meta property=\"og:url\" content=\"https:\/\/pasteur.ind.br\/produtos\/linha-facial\/hidratantes-multifuncionais\/\" \/>\n<meta property=\"og:site_name\" content=\"Pasteur\u00a0\" \/>\n<meta property=\"article:modified_time\" content=\"2023-02-05T12:38:18+00:00\" \/>\n<meta property=\"og:image\" content=\"https:\/\/pasteur.ind.br\/wp-content\/uploads\/2022\/10\/hidratantesmulti_pasteur_.jpg\" \/>\n\t<meta property=\"og:image:width\" content=\"1440\" \/>\n\t<meta property=\"og:image:height\" content=\"499\" \/>\n\t<meta property=\"og:image:type\" content=\"image\/jpeg\" \/>\n<meta name=\"twitter:card\" content=\"summary_large_image\" \/>\n<meta name=\"twitter:label1\" content=\"Est. reading time\" \/>\n\t<meta name=\"twitter:data1\" content=\"2 minutos\" \/>\n<script type=\"application\/ld+json\" class=\"yoast-schema-graph\">{\"@context\":\"https:\/\/schema.org\",\"@graph\":[{\"@type\":\"WebPage\",\"@id\":\"https:\/\/pasteur.ind.br\/produtos\/linha-facial\/hidratantes-multifuncionais\/\",\"url\":\"https:\/\/pasteur.ind.br\/produtos\/linha-facial\/hidratantes-multifuncionais\/\",\"name\":\"[:pt]Hidratantes multifuncionais[:] - Pasteur\u00a0\",\"isPartOf\":{\"@id\":\"https:\/\/pasteur.ind.br\/#website\"},\"datePublished\":\"2022-10-12T17:51:20+00:00\",\"dateModified\":\"2023-02-05T12:38:18+00:00\",\"breadcrumb\":{\"@id\":\"https:\/\/pasteur.ind.br\/produtos\/linha-facial\/hidratantes-multifuncionais\/#breadcrumb\"},\"inLanguage\":\"es-ES\",\"potentialAction\":[{\"@type\":\"ReadAction\",\"target\":[\"https:\/\/pasteur.ind.br\/produtos\/linha-facial\/hidratantes-multifuncionais\/\"]}]},{\"@type\":\"BreadcrumbList\",\"@id\":\"https:\/\/pasteur.ind.br\/produtos\/linha-facial\/hidratantes-multifuncionais\/#breadcrumb\",\"itemListElement\":[{\"@type\":\"ListItem\",\"position\":1,\"name\":\"Produtos\",\"item\":\"https:\/\/pasteur.ind.br\/produtos\/\"},{\"@type\":\"ListItem\",\"position\":2,\"name\":\"Linha Facial\",\"item\":\"https:\/\/pasteur.ind.br\/produtos\/linha-facial\/\"},{\"@type\":\"ListItem\",\"position\":3,\"name\":\"Hidratantes multifuncionais\"}]},{\"@type\":\"WebSite\",\"@id\":\"https:\/\/pasteur.ind.br\/#website\",\"url\":\"https:\/\/pasteur.ind.br\/\",\"name\":\"Pasteur\u00a0\",\"description\":\"S\u00f3 mais um site WordPress\",\"potentialAction\":[{\"@type\":\"SearchAction\",\"target\":{\"@type\":\"EntryPoint\",\"urlTemplate\":\"https:\/\/pasteur.ind.br\/?s={search_term_string}\"},\"query-input\":\"required name=search_term_string\"}],\"inLanguage\":\"es-ES\"}]}<\/script>\n<!-- \/ Yoast SEO plugin. -->","yoast_head_json":{"title":"Hidratantes multifuncionais - Pasteur\u00a0","robots":{"index":"index","follow":"follow","max-snippet":"max-snippet:-1","max-image-preview":"max-image-preview:large","max-video-preview":"max-video-preview:-1"},"canonical":"https:\/\/pasteur.ind.br\/produtos\/linha-facial\/hidratantes-multifuncionais\/","og_locale":"es_ES","og_type":"article","og_title":"[:pt]Hidratantes multifuncionais[:] - Pasteur\u00a0","og_description":"Hidratantes Multifuncionales L\u00ednea Facial Formulaciones con diversos beneficios en un solo producto, ayudando en la firmeza, luminosidad, uniformidad del tono de la piel, protecci\u00f3n contra agentes externos, as\u00ed como en la prevenci\u00f3n del envejecimiento. Formas Cosm\u00e9ticas Productos","og_url":"https:\/\/pasteur.ind.br\/produtos\/linha-facial\/hidratantes-multifuncionais\/","og_site_name":"Pasteur\u00a0","article_modified_time":"2023-02-05T12:38:18+00:00","og_image":[{"width":1440,"height":499,"url":"https:\/\/pasteur.ind.br\/wp-content\/uploads\/2022\/10\/hidratantesmulti_pasteur_.jpg","type":"image\/jpeg"}],"twitter_card":"summary_large_image","twitter_misc":{"Est. reading time":"2 minutos"},"schema":{"@context":"https:\/\/schema.org","@graph":[{"@type":"WebPage","@id":"https:\/\/pasteur.ind.br\/produtos\/linha-facial\/hidratantes-multifuncionais\/","url":"https:\/\/pasteur.ind.br\/produtos\/linha-facial\/hidratantes-multifuncionais\/","name":"[:pt]Hidratantes multifuncionais[:] - Pasteur\u00a0","isPartOf":{"@id":"https:\/\/pasteur.ind.br\/#website"},"datePublished":"2022-10-12T17:51:20+00:00","dateModified":"2023-02-05T12:38:18+00:00","breadcrumb":{"@id":"https:\/\/pasteur.ind.br\/produtos\/linha-facial\/hidratantes-multifuncionais\/#breadcrumb"},"inLanguage":"es-ES","potentialAction":[{"@type":"ReadAction","target":["https:\/\/pasteur.ind.br\/produtos\/linha-facial\/hidratantes-multifuncionais\/"]}]},{"@type":"BreadcrumbList","@id":"https:\/\/pasteur.ind.br\/produtos\/linha-facial\/hidratantes-multifuncionais\/#breadcrumb","itemListElement":[{"@type":"ListItem","position":1,"name":"Produtos","item":"https:\/\/pasteur.ind.br\/produtos\/"},{"@type":"ListItem","position":2,"name":"Linha Facial","item":"https:\/\/pasteur.ind.br\/produtos\/linha-facial\/"},{"@type":"ListItem","position":3,"name":"Hidratantes multifuncionais"}]},{"@type":"WebSite","@id":"https:\/\/pasteur.ind.br\/#website","url":"https:\/\/pasteur.ind.br\/","name":"Pasteur\u00a0","description":"S\u00f3 mais um site WordPress","potentialAction":[{"@type":"SearchAction","target":{"@type":"EntryPoint","urlTemplate":"https:\/\/pasteur.ind.br\/?s={search_term_string}"},"query-input":"required name=search_term_string"}],"inLanguage":"es-ES"}]}},"_links":{"self":[{"href":"https:\/\/pasteur.ind.br\/es\/wp-json\/wp\/v2\/pages\/1201"}],"collection":[{"href":"https:\/\/pasteur.ind.br\/es\/wp-json\/wp\/v2\/pages"}],"about":[{"href":"https:\/\/pasteur.ind.br\/es\/wp-json\/wp\/v2\/types\/page"}],"author":[{"embeddable":true,"href":"https:\/\/pasteur.ind.br\/es\/wp-json\/wp\/v2\/users\/1"}],"replies":[{"embeddable":true,"href":"https:\/\/pasteur.ind.br\/es\/wp-json\/wp\/v2\/comments?post=1201"}],"version-history":[{"count":10,"href":"https:\/\/pasteur.ind.br\/es\/wp-json\/wp\/v2\/pages\/1201\/revisions"}],"predecessor-version":[{"id":2405,"href":"https:\/\/pasteur.ind.br\/es\/wp-json\/wp\/v2\/pages\/1201\/revisions\/2405"}],"up":[{"embeddable":true,"href":"https:\/\/pasteur.ind.br\/es\/wp-json\/wp\/v2\/pages\/990"}],"wp:featuredmedia":[{"embeddable":true,"href":"https:\/\/pasteur.ind.br\/es\/wp-json\/wp\/v2\/media\/1273"}],"wp:attachment":[{"href":"https:\/\/pasteur.ind.br\/es\/wp-json\/wp\/v2\/media?parent=1201"}],"curies":[{"name":"wp","href":"https:\/\/api.w.org\/{rel}","templated":true}]}}

<div class="is-layout-flow wp-block-group featured-banner"><div class="wp-block-group__inner-container"><figure class="wp-block-post-featured-image"><img width="1440" height="499" src="https://pasteur.ind.br/wp-content/uploads/2022/10/hidratantesmulti_pasteur_.jpg" class="attachment-post-thumbnail size-post-thumbnail wp-post-image" alt="" decoding="async" loading="lazy" srcset="https://pasteur.ind.br/wp-content/uploads/2022/10/hidratantesmulti_pasteur_.jpg 1440w, https://pasteur.ind.br/wp-content/uploads/2022/10/hidratantesmulti_pasteur_-300x104.jpg 300w, https://pasteur.ind.br/wp-content/uploads/2022/10/hidratantesmulti_pasteur_-1024x355.jpg 1024w, https://pasteur.ind.br/wp-content/uploads/2022/10/hidratantesmulti_pasteur_-768x266.jpg 768w" sizes="(max-width: 1440px) 100vw, 1440px" /></figure>


<div class="is-layout-flow wp-block-group banner-text"><div class="wp-block-group__inner-container">
<h1>Hidratantes Multifuncionales</h1>



<p>Línea Facial</p>
</div></div>
</div></div>



<section class="is-layout-flow wp-block-group guide2"><div class="wp-block-group__inner-container">
<p>Formulaciones con diversos beneficios en un solo producto, ayudando en la firmeza, luminosidad, uniformidad del tono de la piel, protección contra agentes externos, así como en la prevención del envejecimiento.</p>
</div></section>



<section class="is-layout-flow wp-block-group guide2 grid-cosmetic"><div class="wp-block-group__inner-container">
<h3>Formas Cosméticas</h3>



<div class="is-layout-flex wp-container-9 wp-block-columns 6-itens">
<div class="is-layout-flow wp-block-column">
<figure class="wp-block-image size-full"><img decoding="async" loading="lazy" width="174" height="173" src="http://pasteur.ind.br/wp-content/uploads/2022/10/cremes.png" alt="" class="wp-image-1103" srcset="https://pasteur.ind.br/wp-content/uploads/2022/10/cremes.png 174w, https://pasteur.ind.br/wp-content/uploads/2022/10/cremes-150x150.png 150w" sizes="(max-width: 174px) 100vw, 174px" /><figcaption class="wp-element-caption">Cremas</figcaption></figure>
</div>



<div class="is-layout-flow wp-block-column">
<figure class="wp-block-image size-full"><img decoding="async" loading="lazy" width="174" height="173" src="http://pasteur.ind.br/wp-content/uploads/2022/10/locoes-1.png" alt="" class="wp-image-1528"/><figcaption class="wp-element-caption">Lociones</figcaption></figure>
</div>



<div class="is-layout-flow wp-block-column">
<figure class="wp-block-image size-full"><img decoding="async" loading="lazy" width="176" height="176" src="http://pasteur.ind.br/wp-content/uploads/2022/10/seruns-1.png" alt="" class="wp-image-1166" srcset="https://pasteur.ind.br/wp-content/uploads/2022/10/seruns-1.png 176w, https://pasteur.ind.br/wp-content/uploads/2022/10/seruns-1-150x150.png 150w" sizes="(max-width: 176px) 100vw, 176px" /><figcaption class="wp-element-caption">Sérums</figcaption></figure>
</div>



<div class="is-layout-flow wp-block-column">
<figure class="wp-block-image size-full"><img decoding="async" loading="lazy" width="176" height="176" src="http://pasteur.ind.br/wp-content/uploads/2022/10/geis-1.png" alt="" class="wp-image-1496"/><figcaption class="wp-element-caption">Geles</figcaption></figure>
</div>



<div class="is-layout-flow wp-block-column">
<figure class="wp-block-image size-full is-resized"><img decoding="async" src="http://pasteur.ind.br/wp-content/uploads/2022/10/bastoes.png" alt="" class="wp-image-1165" width="176" srcset="https://pasteur.ind.br/wp-content/uploads/2022/10/bastoes.png 176w, https://pasteur.ind.br/wp-content/uploads/2022/10/bastoes-150x150.png 150w" sizes="(max-width: 176px) 100vw, 176px" /><figcaption class="wp-element-caption">Bastones</figcaption></figure>
</div>
</div>
</div></section>



<section class="is-layout-flow wp-block-group guide2 list-topics"><div class="wp-block-group__inner-container">
<h3>Productos</h3>



<ul>
<li>Hidratantes Aclaradores</li>



<li>Hidratantes para contorno de ojos</li>



<li>Antiedad con Ácido Glicólico</li>



<li>Antiedad con Ácido Hialurónico</li>



<li>Antiedad con Ácido Mandélico</li>



<li>Antiedad con Ácido Salicílico</li>



<li>Antiead con Vitamina C</li>



<li>Hidratantes con Protección Solar</li>



<li>BB Cream con Protección Solar</li>
</ul>
</div></section>



<section class="is-layout-flow wp-block-group guide1"><div class="wp-block-group__inner-container">
<div class="is-layout-flex wp-block-buttons">
<div class="wp-block-button btn-contact"><a class="wp-block-button__link wp-element-button" href="./contato/" style="border-radius:0px"><img decoding="async" loading="lazy" width="90" height="78" class="wp-image-459" style="width: 90px;" src="http://pasteur.ind.br/wp-content/uploads/2022/09/btn-form.png" alt=""><span>¿Tienes un Proyecto?
¡Déjanos ayudarte!</span></a></div>
</div>
</div></section>

<p>Hidratantes Multifuncionales Línea Facial Formulaciones con diversos beneficios en un solo producto, ayudando en la firmeza, luminosidad, uniformidad del tono de la piel, protección contra agentes externos, así como en la prevención del envejecimiento. Formas Cosméticas Productos</p>

<!-- This site is optimized with the Yoast SEO plugin v19.10 - https://yoast.com/wordpress/plugins/seo/ -->
<title>Hidratantes multifuncionais - Pasteur </title>
<meta name="robots" content="index, follow, max-snippet:-1, max-image-preview:large, max-video-preview:-1" />
<link rel="canonical" href="https://pasteur.ind.br/produtos/linha-facial/hidratantes-multifuncionais/" />
<meta property="og:locale" content="es_ES" />
<meta property="og:type" content="article" />
<meta property="og:title" content="Hidratantes multifuncionais" />
<meta property="og:description" content="Hidratantes Multifuncionales Línea Facial Formulaciones con diversos beneficios en un solo producto, ayudando en la firmeza, luminosidad, uniformidad del tono de la piel, protección contra agentes externos, así como en la prevención del envejecimiento. Formas Cosméticas Productos" />
<meta property="og:url" content="https://pasteur.ind.br/produtos/linha-facial/hidratantes-multifuncionais/" />
<meta property="og:site_name" content="Pasteur " />
<meta property="article:modified_time" content="2023-02-05T12:38:18+00:00" />
<meta property="og:image" content="https://pasteur.ind.br/wp-content/uploads/2022/10/hidratantesmulti_pasteur_.jpg" />
	<meta property="og:image:width" content="1440" />
	<meta property="og:image:height" content="499" />
	<meta property="og:image:type" content="image/jpeg" />
<meta name="twitter:card" content="summary_large_image" />
<meta name="twitter:label1" content="Est. reading time" />
	<meta name="twitter:data1" content="2 minutos" />
<script type="application/ld+json" class="yoast-schema-graph">{"@context":"https://schema.org","@graph":[{"@type":"WebPage","@id":"https://pasteur.ind.br/produtos/linha-facial/hidratantes-multifuncionais/","url":"https://pasteur.ind.br/produtos/linha-facial/hidratantes-multifuncionais/","name":"[:pt]Hidratantes multifuncionais[:] - Pasteur ","isPartOf":{"@id":"https://pasteur.ind.br/#website"},"datePublished":"2022-10-12T17:51:20+00:00","dateModified":"2023-02-05T12:38:18+00:00","breadcrumb":{"@id":"https://pasteur.ind.br/produtos/linha-facial/hidratantes-multifuncionais/#breadcrumb"},"inLanguage":"es-ES","potentialAction":[{"@type":"ReadAction","target":["https://pasteur.ind.br/produtos/linha-facial/hidratantes-multifuncionais/"]}]},{"@type":"BreadcrumbList","@id":"https://pasteur.ind.br/produtos/linha-facial/hidratantes-multifuncionais/#breadcrumb","itemListElement":[{"@type":"ListItem","position":1,"name":"Produtos","item":"https://pasteur.ind.br/produtos/"},{"@type":"ListItem","position":2,"name":"Linha Facial","item":"https://pasteur.ind.br/produtos/linha-facial/"},{"@type":"ListItem","position":3,"name":"Hidratantes multifuncionais"}]},{"@type":"WebSite","@id":"https://pasteur.ind.br/#website","url":"https://pasteur.ind.br/","name":"Pasteur ","description":"Só mais um site WordPress","potentialAction":[{"@type":"SearchAction","target":{"@type":"EntryPoint","urlTemplate":"https://pasteur.ind.br/?s={search_term_string}"},"query-input":"required name=search_term_string"}],"inLanguage":"es-ES"}]}</script>
<!-- / Yoast SEO plugin. -->

Hidratantes Multifuncionales Línea Facial Formulaciones con diversos beneficios en un solo producto, ayudando en la firmeza, luminosidad, uniformidad del tono de la piel, protección contra agentes externos, así como en la prevención del envejecimiento. Formas Cosméticas Productos

Só mais um site WordPress
